 What is the remainder when 13 is divided by i?
5
Let u(k) = -k + 25. Calculate the remainder when 71 is divided by u(7).
17
Let b = 7 + -10. Let s = 1 + b. Let t = s - -42. Calculate the remainder when t is divided by 21.
19
Let b be 24*5/(20/3). Let j be (-824)/(-10) + b/30. Let z = j - 42. What is the remainder when z is divided by 14?
13
Suppose 124 = 4*d - 4*p, 5*d - 114 = d + 2*p. Suppose 5*w + 58 = 4*g - d, 28 = g - 3*w. Calculate the remainder when 79 is divided by g.
15
Suppose -28 + 3 = -m. Calculate the remainder when m is divided by 13.
12
Let y = -44 - -63. Calculate the remainder when y is divided by 9.
1
Let u = 20 - 4. Suppose 0 = -5*k + 2*k. Suppose 0 = -g - 0*t - 2*t + u, -3*t - 3 = k. What is the remainder when g is divided by 5?
3
Let d = 30 + -9. Suppose 9 = 3*x, -4*x + 6 + 12 = u. What is the remainder when d is divided by u?
3
Let f(c) = -7*c - 12. Calculate the remainder when 57 is divided by f(-4).
9
Let c(h) = -h**2 + 2*h + 2. Let z be c(2). Let k(d) = 4*d**2 - d - 2. Calculate the remainder when 47 is divided by k(z).
11
Let x(u) = u + 1. Let i be x(2). Suppose i*j + 9 = 6*j. Suppose -30 = -j*p - 6. What is the remainder when 23 is divided by p?
7
Let f be (-90)/21 - (-4)/14. Let a be (-1 - (1 + 1))*f. Suppose -a = -2*t + 36. What is the remainder when t is divided by 13?
11
Let y = -196 + 140. Let t = -40 - y. Calculate the remainder when 31 is divided by t.
15
Suppose c - 1 = 0, 4*t + 0*t - 31 = -3*c. What is the remainder when 25 is divided by t?
4
Suppose -5*g = -0*g + 10. Let q be 2/g - (-2 + 3). What is the remainder when 11 + 0/q + -1 is divided by 4?
2
Let u(c) = 4*c**2 + 4*c - 43. Let t(i) = 5*i**2 + 5*i - 44. Let r(o) = 5*t(o) - 6*u(o). Suppose 5*a = -28 + 93. What is the remainder when r(0) is divided by a?
12
Let k(h) = h - 1. Let u(x) = -7*x + 8. Let p(d) = 18*k(d) + 2*u(d). What is the remainder when p(6) is divided by 12?
10
Suppose 0 = 2*t - 2. Let n(i) = 47*i**2 - i. Let p = 57 + -41. Calculate the remainder when n(t) is divided by p.
14
Suppose -109 = -3*x + v, v = 3*x - v - 104. Calculate the remainder when 151 is divided by x.
37
Let j(v) = v**2 + 2*v - 4. Let c(s) = s**3 - 5*s**2 + s + 5. Let p be c(4). Let f = 4 - p. Calculate the remainder when j(4) is divided by f.
9
Let b(k) = 5*k + 1. Let i(o) = o**2 - 6*o + 8. Let d be i(6). Let n(j) = j**3 - 8*j**2 + 4*j - 2. What is the remainder when n(d) is divided by b(3)?
14
Let m = -5 - -3. Let j be -3 - (m - 1) - -5. Suppose -2*h = -j - 15. What is the remainder when h is divided by 3?
1
Suppose -3*k - 3*u = -78, -4*k + 86 = -3*u + u. Calculate the remainder when 66 is divided by k.
20
Let r(x) = -3*x + 6. Let n be r(6). Let b be n/(-42) + 44/(-7). What is the remainder when 20 is divided by (7/(-1))/(b/6)?
6
Let q(b) = b**3 - 9*b**2 - 8*b + 2. Suppose -4*y + 3*x = 6*x + 7, 3*x = -3. What is the remainder when q(10) is divided by 7*2 - (-2)/y?
10
Let v(z) = -z**2 + 6*z + 4. Let t be v(6). Suppose -t*p + 24 = -4. Let c(u) = 2*u**2 + 4*u - 3. Calculate the remainder when c(-4) is divided by p.
6
Let d be 6/3*3/(-6). Let r(t) = -3*t - 21. What is the remainder when r(-16) is divided by 13 - (1 - (-2)/d)?
13
Let m = 1 - -17. Calculate the remainder when 70 is divided by m.
16
Let m = 3 + -1. Let z(a) = -4*a**3 - 2*a**2 + 2*a + 1. Let b be z(-2). Suppose 3*r + j = -2*r + 15, -5*j = r + b. What is the remainder when r is divided by m?
0
Let p = 25 + -3. Let v = 174 - 110. Calculate the remainder when v is divided by p.
20
Let d(n) = -n**3 - n + 22. Let q = 2 + -2. Calculate the remainder when 41 is divided by d(q).
19
Let h be (-2)/3 + (-770)/33. Let c = 62 + h. Calculate the remainder when c is divided by 10.
8
Let r(y) = y**3 - 4*y**2 - y + 2. Let u be r(7). Let k = u - 101. Calculate the remainder when k is divided by 11.
8
Let p be 4/10 - 172/(-20). Let b = p + -1. What is the remainder when 15 is divided by b?
7
Suppose 0 = -6*s + 5*s + 7. Calculate the remainder when s is divided by 4.
3
Let p(h) = -8*h + 4. Let g(n) = 7*n - 5. Let m be (14/3)/(8/(-12)). Let x(d) = m*g(d) - 6*p(d). What is the remainder when x(-10) is divided by 11?
10
Suppose -5*i = -4*i - 57. Calculate the remainder when i is divided by 15.
12
Suppose u - 3 = 6. Suppose -4*p + 14 = 5*s - 18, 5*s = p + 17. What is the remainder when u is divided by s?
1
Suppose -58 = -2*p + 5*n, -2*n = 9*p - 5*p - 68. Calculate the remainder when 90 is divided by p.
14
What is the remainder when 96 is divided by ((-3)/3)/((-1014)/(-204) - 5)?
28
Suppose -i - 22 + 61 = 0. Suppose 0 = -m + 3*s + 95, -3*m + i = s - 216. Calculate the remainder when m is divided by 22.
20
Calculate the remainder when (-18)/27 + 46/6 is divided by 6.
1
Suppose -33*k + 390 = 32*k. Let p(f) = 3 + 4 - 2*f + 5*f. What is the remainder when p(5) is divided by k?
4
Let i(m) = -9*m - 53 + 53. Calculate the remainder when 318/4*(-6)/(-9) is divided by i(-2).
17
Suppose 4*x + 2 - 18 = 0. Suppose 4*w = -z - z + 30, -z = -x*w - 21. What is the remainder when z is divided by 10?
7
Let n(j) be the first derivative of j**2 + 2/3*j**3 - 4*j - 1. Calculate the remainder when 14 is divided by n(-3).
6
Suppose -81 = -a - 4*d, 2*a + 7*d - 5*d - 132 = 0. Calculate the remainder when a is divided by 13.
9
Let i(y) = y + 7. Let u be i(-5). Suppose 0 = -f + 3*d + 6 + 9, u*d + 100 = 4*f. What is the remainder when f is divided by 7?
6
Calculate the remainder when (86/(-4))/(4/(-8)) is divided by 11.
10
Let u(h) = -2*h**2 - 8 + 4*h**2 - 7*h - h**2. Let q be 3/(-9)*-3 + 8. What is the remainder when 29 is divided by u(q)?
9
Let q(o) = -o + 9. Suppose -3*h + 0*f = 4*f - 58, -h = f - 19. Let r = -11 + h. What is the remainder when 2 is divided by q(r)?
0
Calculate the remainder when (-31)/(-4)*(12 - 8) is divided by 11.
9
Suppose -2*l + 0*l = 0. Suppose -2*k + 14 = 2*q, q - 2*k + 3 + 5 = l. Let w = 15 - q. What is the remainder when 37 is divided by w?
11
Let a(u) = 8*u**3 - 3*u**2 + 3*u + 18. Let k(x) = -3*x**3 + x**2 - x - 6. Let v(z) = 4*a(z) + 11*k(z). What is the remainder when 15 is divided by v(0)?
3
Suppose 96 = 3*h - 51. Let r = h + -23. Calculate the remainder when r is divided by 14.
12
Let w = 12 - 7. What is the remainder when 18 is divided by w?
3
Let y(m) = 2*m + 8. Let l be y(6). Let w = l + -6. What is the remainder when 41 is divided by w?
13
Suppose c - 10 = 3*l, -2*l + 4*c - 12 = -4*l. Let x = l + 6. Suppose x*s + 74 + 63 = 3*u, -3*u - 5*s + 119 = 0. Calculate the remainder when u is divided by 22.
21
Let l(a) = 4*a - 4. Let s be l(7). Let u = s + 1. Calculate the remainder when u is divided by 13.
12
Suppose 0 = 3*o + 9 - 39. Suppose 0 = 4*r - o - 162. Suppose -41 - r = -3*z. Calculate the remainder when z is divided by 15.
13
Let h = 4 - 10. Let y = h - -22. Calculate the remainder when 46 is divided by y.
14
Suppose 0*m = -4*m. Suppose 0 = -f - 4*f + 50. What is the remainder when f is divided by 0/1 - (-6 - m)?
4
Suppose 5*j - 8 = 12. Calculate the remainder when 7 is divided by j.
3
Suppose r + 18 = 5*c, 3*r - 2 + 12 = 4*c. Suppose -j - 2 = -r*j. Calculate the remainder when 4 is divided by j.
0
Let g(y) = y**2 - 6*y + 10. Suppose 2*n + x = 10, 3*x = 4*n - n - 33. What is the remainder when 48 is divided by g(n)?
14
Let b(w) = -w**3 - 4*w**2 - 3*w + 7. Calculate the remainder when b(-4) is divided by 3.
1
Let m be (2/3)/(2/(-18)). Let z(q) = q**3 + 5*q**2 - 7*q + 2. Let u = 42 + -20. What is the remainder when u is divided by z(m)?
6
Let q = -71 + 109. What is the remainder when q is divided by 10?
8
Let y(q) = q**3 - 9*q**2 + q - 9. Let b be y(9). Let r be b + 2 - (0 + 1). Suppose -4*g = -7 - r. What is the remainder when 2 is divided by g?
0
What is the remainder when 150 is divided by (-760)/30*6/(-4)?
36
Suppose 34*a - 31*a - 39 = 0. Calculate the remainder when 48 is divided by a.
9
Let n be 8/32 - 23/(-4). Suppose 0 = n*g - 11*g + 255. Calculate the remainder when g is divided by 13.
12
Let j(w) be the first derivative of -w**4/4 - 7*w**3/3 - 9*w**2/2 - w + 4. Calculate the remainder when (-20)/((2/(-5))/1) is divided by j(-6).
16
Suppose 5*l + 3*u - 4 - 16 = 0, 5*u - 21 = 4*l. Let v be 2 + -1*(1 + l). Calculate the remainder when (v - -1)*46 + 1 is divided by 16.
15
Let f be 249/12 - 1/(-4). Let k(l) = -l**3 + 